 9 + t. What is the units digit of c?
2
Suppose 126 = 3*w + 3*d, 0 = 4*w + 3*d - 0*d - 164. What is the tens digit of w?
3
Let b = -17 + 22. Suppose -45 - 45 = -b*t. What is the tens digit of t?
1
Suppose 0 = 3*o - 11 + 2. Let w be (3/6)/(3/24). Suppose -w*j - 3 = -4*h - 23, -o*h + 15 = 2*j. What is the units digit of j?
6
Let x be ((-112)/1 + 3)/(-1). Let r = x - 61. What is the units digit of r?
8
Let t(w) be the first derivative of w**3/3 + w**2 + 4*w + 2. What is the units digit of t(-4)?
2
Let g(l) = -3 + 4*l - 4*l - 4*l. What is the units digit of g(-5)?
7
Let y(u) = -u**2 - 4*u + 2. Let k be y(-4). Suppose v = 5*f - 20, f + k - 12 = -v. Let h = 1 + f. What is the units digit of h?
6
Let r(t) = -t**3 + 16*t**2 - 14*t - 6. Let z be r(15). Suppose 11*y = z*y + 70. What is the units digit of y?
5
Let o(p) = p**3 + 6*p**2 - p - 1. Let j be o(-6). Suppose 2*t - j*d - 5 = 25, 2*d = 0. What is the units digit of t?
5
Let g = -271 + 417. What is the tens digit of g?
4
Let f(x) = x**2 + 4*x - 4. Suppose 2 = -5*g + 17. What is the tens digit of f(g)?
1
Let p = -2 - -8. What is the units digit of p?
6
Let z(v) be the first derivative of -v**4/4 + 3*v**3 - 9*v**2/2 + 6*v - 2. Let h be z(7). Suppose -3*t - 5 = -h. What is the tens digit of t?
1
Let u = -1 + 6. Suppose 0 = 2*q - u*k - 0 + 10, 5*q - 10 = -5*k. Suppose -2*x + 7*x = -2*m + 28, q = -5*m - 3*x + 32. What is the units digit of m?
4
Suppose -5*d + 2*z = -0 - 37, 0 = -3*z + 12. Suppose -d = -q + 33. What is the units digit of q?
2
Let q be -4 - 8*38/(-4). Suppose 0 = -2*b - 4*l + q, 5*b - l = -0*l + 191. What is the tens digit of b?
3
Suppose 20 = -4*a + 128. Suppose -a = -5*h + 13. What is the units digit of h?
8
Let f be 724/10 + 2/(-5). Suppose p = -3*p + f. What is the tens digit of p?
1
What is the tens digit of 744/34 - 8/(-68)?
2
Suppose 2 = a - 2. Let o(y) = y**2 - 1 - 3*y + 4 + 0*y**2. What is the units digit of o(a)?
7
Let c(j) = -j**2 - 11*j + 11. Let o be c(-12). Let f be (o/2)/((-1)/8). Suppose f*y - y = -2*m + 30, 4*m = -2*y + 28. What is the units digit of y?
8
Let n(m) = 13*m**2 - 18*m - 17. What is the tens digit of n(-5)?
9
Suppose -2*q + 318 = f + 3*q, 0 = -q + 5. What is the hundreds digit of f?
2
Let d(p) be the first derivative of -2*p**3/3 + p**2 + p - 3. Let y be d(2). What is the units digit of ((-14)/3)/(2/y)?
7
Suppose -5*t + 297 = 4*k, -k + 4*k - 116 = -2*t. Suppose 2*a - 22 = l, l - t + 6 = -5*a. What is the tens digit of a?
1
Suppose -2*h = -4*i - 74, 11*h + 3*i - 159 = 6*h. What is the units digit of h?
3
Let f = -17 - -6. Let x(k) = -3 - k - 8 + 5 - 3. What is the units digit of x(f)?
2
Suppose 5*n = 4 + 21. Suppose f - 10 = g - 3*g, n*g - 25 = f. What is the units digit of g?
5
Let c(l) = -5*l**2 - 6. Let f(m) = -6*m**2 - m - 7. Let u(z) = -7*c(z) + 6*f(z). What is the units digit of u(-3)?
9
Let o be -1*((-27)/(-3))/(-3). Let s(l) = l**2 + l + 4. What is the units digit of s(o)?
6
Suppose -9 = -4*s + 5*t + 13, 0 = 5*s - 3*t - 21. Suppose 0*k + s = k. Let m(b) = -b**2 + 3*b + 2. What is the units digit of m(k)?
2
Suppose 4*x - 3*v = 23, -3*v - 3 - 12 = 0. What is the units digit of 39/6*x + -2?
1
Let m = -1 - -3. Suppose 4*t - 464 = -4*g, m*t = -5*g + 750 - 182. What is the units digit of (-4)/(-10) + g/20?
6
Let m be (-2)/(-7) + (-4)/14. Let i(r) = r**3 - r**2 - r + 2. Let l be i(m). Suppose j - l = 12. What is the units digit of j?
4
Let d be 2/(-3)*27/(-6). Suppose 2*p = -3*p + 5*y + 140, -d*y - 58 = -2*p. What is the units digit of p?
6
Suppose -g = -u + 95, 5*g + 34 = u - 41. What is the units digit of u?
0
Suppose 5*d - 24 = -4*z, 0 = -z + d - 2*d + 6. Suppose z*a - 30 = a. What is the units digit of a?
6
Suppose 4*s = 0, -s + 22 = -2*y + 188. What is the units digit of y?
3
Let m(r) = -6*r - 2. What is the tens digit of m(-5)?
2
Let y(a) = a**3 + 5*a**2 - 7*a - 5. Let c(i) = i**3 + 5*i**2 - 7*i - 6. Let j(t) = -5*c(t) + 6*y(t). What is the units digit of j(-6)?
6
Let k(o) = -o**2 + 28. What is the units digit of k(0)?
8
Let p(y) = -y**2 + 6*y + 3. Let z be p(5). Let t be (-5)/(-2)*z/10. Suppose 0 = j - t - 6. What is the units digit of j?
8
Suppose -n + 24 = 3*n - 3*i, 0 = 2*n - 3*i - 18. Suppose t = n*t - 16. What is the units digit of t?
8
Let k = 102 - 59. What is the units digit of k?
3
Suppose 4*w - 97 = 71. What is the units digit of w?
2
Suppose -7*f = 2*q - 2*f + 46, -33 = q + 5*f. Let s = -7 - q. What is the units digit of s?
6
Let x = 18 - 14. What is the units digit of (-2)/(-4) + 110/x?
8
What is the units digit of (-3 - -28) + 3 + -3?
5
Let h(q) = 5*q**2 + 7*q - 15. Let p(u) = -2*u**2 - 4*u + 7. Let f(o) = 3*h(o) + 7*p(o). What is the units digit of f(7)?
4
Let p(j) = -j**3 + 7*j**2. What is the tens digit of p(5)?
5
Let t(n) be the first derivative of -n**3/3 - n**2/2 + 45*n - 1. Let s be t(0). Suppose -3*c + s = 2*c. What is the units digit of c?
9
Suppose 28 = o + 115. What is the units digit of o/(-12) + (-2)/8?
7
Let n(s) = s**3 + 4*s**2 - 6*s + 7. What is the units digit of n(-5)?
2
Let h(z) = 3*z - 3*z + 2 + z**2 + 6*z + 3. Suppose 0 = -2*c - 0*c - 12. What is the units digit of h(c)?
5
Suppose 0*f - 3*t = -3*f + 87, 12 = 4*t. What is the units digit of f?
2
Let a = 1 - 1. Let d(r) = -r**3 + r + 24. What is the units digit of d(a)?
4
Let j(h) be the third derivative of h**4/6 - 2*h**3 - 9*h**2. What is the tens digit of j(8)?
2
Suppose -5*p + 4*c + 690 = 0, -p = -4*p + 4*c + 414. What is the hundreds digit of p?
1
Let m = -9 - -35. Suppose -c = -0*c, -o = 2*c - m. Suppose 0 = -3*n + u + 22, -4*n - 5*u = -2*n - o. What is the units digit of n?
8
Let v = 129 - 18. What is the units digit of v?
1
Let x(r) be the first derivative of r**3/3 - r**2/2 + r + 1. What is the units digit of x(0)?
1
Let y = -314 + 550. What is the units digit of y?
6
Let u be ((-10)/(-15))/((-4)/(-42)). Suppose -x + 3 = -0*x. Suppose 2*y - u = -x. What is the units digit of y?
2
What is the tens digit of 5 + -1 + 26 + 0?
3
Let i(u) = 6*u + 3. Let f(t) = t - 1. Let q(o) = 2*f(o) + i(o). What is the units digit of q(2)?
7
Suppose 0*m + 104 = -4*m. Let i = -10 - m. What is the tens digit of i?
1
Let k be 7/(-21)*-1*18. Let v = 20 - k. What is the units digit of v?
4
Let v be (-10)/25 - 124/(-10). Suppose 0 = -k + v. What is the tens digit of k?
1
Let f be 16*(0 - 1)/1. Let i be (f/(-12))/(6/9). Suppose -4*x = -5*h + 39, -4*h + i*x + 3 = -3*h. What is the tens digit of h?
1
Suppose 2*z + 37 = 1. Let y be 390/(-91) + (-4)/(-14). What is the tens digit of 1 + z/y*4?
1
Suppose 0 = x + 4*j + j - 29, 0 = 4*x + 3*j - 48. What is the units digit of x?
9
Let n(i) = -i**2 + i + 1. Let h(s) = 2*s**2 + 8*s + 1. Let x(j) = -h(j) - 4*n(j). What is the tens digit of x(9)?
4
What is the units digit of 102*(2 - 20/12)?
4
Suppose 5*k = l - 95, 5*k = -4*l - 137 + 442. What is the tens digit of l?
8
Let y(n) = 72*n - 34. What is the tens digit of y(4)?
5
Suppose -3*n - 95 + 323 = 0. Let i = n + -40. What is the units digit of i?
6
Let h = -11 + 15. Let w(i) = 3*i - 6. What is the units digit of w(h)?
6
Suppose 9*s = 4*s + 15. Let b = -2 + s. What is the units digit of b?
1
Let c be -2 - (-33 - 0) - 2. Let z(j) = -j. Let f be z(-1). Suppose -3*h + c = -f. What is the tens digit of h?
1
Let n = -21 + 25. Let h be 2/4 - (-1)/2. Suppose 3*u - 5*d = -n*d + h, 2*d - 1 = 3*u. What is the units digit of u?
1
Suppose 4*l - 13 - 7 = 0, -3*c - 20 = -4*l. Suppose c = i - 2*i + 11. What is the units digit of i?
1
What is the tens digit of 1/2*58*1?
2
Suppose -3*k + 162 = -54. What is the units digit of k?
2
Suppose -4*z - 5*w + 217 = 0, 3*z - 2*z = -w + 54. Let m = z + -27. What is the tens digit of m?
2
Suppose 4*s - 8 = -0. What is the units digit of (2 + 3)/(s/4)?
0
Suppose -3*f + 110 = 4*o - 38, 0 = o - 3*f - 22. Let d = o + -22. What is the tens digit of d?
1
Let y = -4 - -6. Let s(z) = y*z + 3*z - z - 3. What is the units digit of s(4)?
3
Let s(h) = 18*h**2 - h + 3. What is the units digit of s(2)?
3
Suppose 0 = 4*j + 3*u + 2, 0 = -3*j + 3*u - 12. Let w = j - -2. What is the units digit of w/(0 + 2) + 5?
5
Suppose 8*c - 132 = 4*c. What is the units digit of c?
3
Let a = -117 + 176. What is the units digit of a?
9
Suppose 3*m + 0*a - 124 = 2*a, 3*a + 205 = 5*m. What is the tens digit of 